2*t + 49 = 5*a, 8*a + 12 = 36. Calculate the remainder when t is divided by o.
7
Suppose -3*v - 10 = -250. Calculate the remainder when v is divided by 12.
8
Let m be -3 + -1 + 4 - -2. Suppose 29 - 15 = m*u. What is the remainder when u is divided by 2?
1
What is the remainder when 95 is divided by (-1155)/(-45) - 2/(-6)?
17
Let d(w) = -3*w - 1. Let x be d(-2). Suppose x*u = -14 + 34. Calculate the remainder when 6 is divided by 0 + (-2)/(-4)*u.
0
Suppose -14*v = -98 - 56. What is the remainder when 161 is divided by v?
7
Let s(f) = f**2 - 40*f + 368. Calculate the remainder when 289 is divided by s(11).
44
Let s = 116 - 109. Let w = 2 - -7. Suppose -w + 1 = 4*p, -2*j - 2*p = -32. Calculate the remainder when j is divided by s.
4
Let f(p) = -p**2 + 7*p - 2. Suppose 3*o - 10 = o. Suppose 0 = d + 5 - 2, 2*w = d + 45. What is the remainder when w is divided by f(o)?
5
Let q(z) = -6*z + 27*z + 0*z**3 + 0*z + 15*z**2 - 23 - z**3. What is the remainder when q(16) is divided by 20?
17
Suppose -6*k + 18 = -9*k. What is the remainder when 28 is divided by 3/k + (-58)/(-4) - -2?
12
Let u be (-1)/2 - (-1 - 177/6). Suppose 0 = u*b - 35*b + 25. What is the remainder when (-1)/(0 - (-2)/(-26)) is divided by b?
3
Let y be 142/(-8)*(7 - 27). Calculate the remainder when y/10 - 3/2 is divided by 18.
16
Suppose t + 2*t - 76 = -5*d, d - 3*t = 26. Let q = -106 + 172. What is the remainder when q is divided by d?
15
Let u(b) = -2*b**2 - 56*b - 93. Calculate the remainder when 170 is divided by u(-26).
5
Let p(y) = y**2 - 7*y - 4. Let g be p(7). Calculate the remainder when 9 + 0/5 + g is divided by 2.
1
Let i be 24/(-14) - 4/14. Let t be 9/5 - i/10. Suppose q - 3*a = 4 + 1, -t*q = -4*a - 14. Calculate the remainder when 54 is divided by q.
10
Let f be (4/1)/((-58)/(-4031)). Suppose 5*u - 31 = y - 0*y, -4*u + 20 = 4*y. Calculate the remainder when f/u + 4/6 is divided by 10.
7
Let t(z) = -103*z + 947. What is the remainder when 30 is divided by t(9)?
10
Let q = -123 - -209. Let g = q + -134. Calculate the remainder when 53 is divided by 5/((-15)/g) + -2.
11
Suppose 0*x + 112 = 4*x. Let j(a) be the third derivative of -a**6/120 + a**5/6 + a**4/24 + 5*a**3/6 - 2*a**2. What is the remainder when x is divided by j(10)?
13
Let d(g) = -g**3 - 2*g**2 - 6*g - 13. Calculate the remainder when d(-5) is divided by 20.
12
Suppose -2*n = -4*u + 5 + 3, -n + 3*u - 7 = 0. Suppose p = -4*a + 71 - 288, 4*p = 5*a - 910. What is the remainder when n/6*(-6 - p) is divided by 25?
23
Suppose 6*x = -338 + 1250. Suppose 756 = 4*g + 3*j + x, -4*g + 5*j + 604 = 0. Calculate the remainder when g is divided by 22.
19
Suppose 0 = -4*w - w + 45. Let x be -1*23 - (-2 - (-3)/1). Calculate the remainder when w is divided by ((-16)/x)/(4/18).
0
Let r = 209 + -146. Calculate the remainder when r is divided by 33.
30
Suppose -2*q = -5*w - 13, 3*q + w + 3*w - 77 = 0. What is the remainder when 93 is divided by q?
17
Let s = -264 - -325. Let d = 14 + 2. Calculate the remainder when s is divided by d.
13
Suppose -k = -5*c - 550, 4*c + 2 + 14 = 0. Calculate the remainder when k is divided by 59.
58
Let b = 1170 + -1088. What is the remainder when b is divided by 18?
10
Suppose -2*s = -a - 20, -4*s - 8 + 56 = 2*a. Suppose 0 = 12*o + 12*o. Calculate the remainder when (-2 + 3)*(30 + o) is divided by s.
8
Suppose 2192 = 36*v - 20*v. What is the remainder when v is divided by 14?
11
Suppose -81 = 5*d + 69. Let z be (-132)/d + 4/(-10). Suppose z*s - 24 = -9*p + 4*p, p = -5*s + 51. Calculate the remainder when 31 is divided by s.
9
Let l = 964 + -877. What is the remainder when l is divided by (-4 - -1)/((-12)/88)?
21
Suppose -13*u + 38 + 79 = 0. Suppose -t = 2*f - 86, -2*t = -2*f + t + 86. What is the remainder when f is divided by u?
7
What is the remainder when 201 is divided by (-4 - (-42)/(15 - 8)) + 2?
1
Let u(s) = s**3 + 5*s**2 - 22*s + 70. Calculate the remainder when 1/(-4) + (-417)/(-4) is divided by u(-8).
50
Suppose 2*m + 4*p - 45 - 23 = 0, -2*p + 118 = 3*m. Calculate the remainder when m is divided by 26.
16
Suppose 12*u - 11959 = -11635. What is the remainder when (-627)/(-12) - 1/4 is divided by u?
25
Suppose 2 - 3 = g. Let k(n) = -3*n**3 - n**2 - n. Let f be k(g). Suppose 3*v + 4*i - 3 = -0*v, f = -i. Calculate the remainder when v is divided by 4.
1
Suppose -5*b + i + i = -749, 0 = -3*i + 9. What is the remainder when b is divided by 19?
18
Suppose -1908 = -4*i + 4*v, -3*i - 2*v + 1426 = -0*v. Calculate the remainder when i is divided by 40.
36
Suppose -4*y = 2*s - 2820, 4*y - 1878 - 918 = 4*s. What is the remainder when y is divided by 88?
87
Let a be 2 - ((-1 - 0) + -1). Suppose 0 = -2*d + 5*s + 4, -s - 6 - a = -5*d. Calculate the remainder when 80 is divided by (-2)/d + 25 - -3.
26
Let x = -3 - -5. Let w = -7 + 14. Calculate the remainder when w is divided by x.
1
Let f(a) = -4*a + 5. Suppose 10*q + 41*q - 4182 = 0. What is the remainder when q is divided by f(-4)?
19
Let u be (0 - (-2 + -1)) + -1. Let h(j) = 2*j + 1. Let z be h(u). Suppose 4*v - 323 = t, z*v + 3*t - 49 = 359. What is the remainder when v is divided by 21?
18
Suppose 16*s - 48 = 18*s. Let k(t) = -5*t**2 + t - 1. Let m be k(1). Let r = m - s. Calculate the remainder when r is divided by 11.
8
What is the remainder when 111 is divided by 2/(-24)*-3*-4*-19?
16
Let z be (1/((-3)/63))/(-1). Suppose u - 21 = 5*c - u, 0 = 3*c - 4*u + z. What is the remainder when 0 + c/6*-78 is divided by 8?
7
Let s = -302 - -379. Calculate the remainder when 460 is divided by s.
75
Suppose -14*u + 4*u = -700. Let x(g) = 2*g**2 + 7*g - 6. What is the remainder when u is divided by x(-6)?
22
Let q = 479 - 425. What is the remainder when q is divided by 18?
0
Let y be (-3)/(-2) + (-540)/24. Let z = y - -40. What is the remainder when 36 is divided by z?
17
Let m(q) = 1. Let d(c) = -3*c**2 + 6*c - 5. Let r(s) = -d(s) + 3*m(s). Calculate the remainder when 83 is divided by r(3).
15
Suppose -70 = 5*p - 10*p. Let u = p - 0. Let j = 71 - 46. What is the remainder when j is divided by u?
11
Let g = -96 - -144. What is the remainder when g is divided by 27?
21
What is the remainder when (-2)/(-14) + (-4 - (-7240)/35) is divided by 34?
33
Let c(k) = 11*k**3 - k**2 + 1. Let r(m) = -m**2 + m + 1. Let p be r(0). Calculate the remainder when 20 is divided by c(p).
9
Let q = -428 - -454. What is the remainder when q is divided by 23?
3
What is the remainder when 545 is divided by (-4)/((-60)/175)*(-54)/(-45)?
13
Let p = 371 + -239. Calculate the remainder when p is divided by 19.
18
Suppose -q - 87 = -2*c, -3*c = 5*q - 23 - 140. Calculate the remainder when c is divided by 102/13 + (-4)/(-26).
6
Suppose 0 = 17*m - 2845 + 2301. Let v = 12 + -5. Calculate the remainder when m is divided by v.
4
Let o(m) = -m**2 - 10*m - 4. Let f be o(-9). Suppose f*u = 25 + 15. Suppose 4*s = 2*d - 36, -3*s + u*s + 9 = d. Calculate the remainder when d is divided by 7.
3
Suppose x = 3*b - 6, -6*x + x + 15 = 0. Suppose a + a - 21 = 5*i, -b*a + 5*i + 29 = 0. Let c = -59 - -78. What is the remainder when c is divided by a?
3
Suppose 3*a - 116 = 64. Suppose -2*t + 4*s + 14 = -26, 0 = -3*t - 3*s + a. Calculate the remainder when 77 is divided by t.
17
Suppose 23 = 5*t + 3. Let q be (-6)/9*(-3)/2. Suppose -t*w = -q - 23. What is the remainder when 21 is divided by w?
3
Let n = -11 - -26. Let a(k) = -k**3 + 11*k**2 - 7*k - 1. Suppose -6*s + 3*s - 18 = -3*w, 0 = 5*s - 20. What is the remainder when a(w) is divided by n?
14
Let r be ((-27)/(-18))/((-6)/88). Calculate the remainder when 39 is divided by (-480)/r + (-12)/(-66).
17
Let u be 13 + (-1 - -2)*-1. Suppose 17*j - 135 = u*j. Calculate the remainder when j is divided by 16.
11
Let v be ((-8)/(-10) - 0)*7*-10. Let z = v + 71. Calculate the remainder when z is divided by (-36)/(-20)*(1 - -4).
6
Let c = -35 - -31. What is the remainder when 2*(-2 - 90/c) is divided by 24?
17
Let l = 51 - 21. Calculate the remainder when 86 - ((-3)/2 + 4/(-8)) is divided by l.
28
Let o = -173 - -409. Calculate the remainder when o is divided by 20.
16
Let v(o) = o**2 + 8*o + 21. What is the remainder when 33 is divided by v(-8)?
12
Suppose 0 = -64*i - 1999 + 6671. What is the remainder when 288 is divided by i?
69
Let s(o) = o**3 + 21*o**2 + 73*o + 11